rs of u.
2, 23
Let x(o) = o + 9. Let f be x(7). Suppose -4*r + 4*n - 140 = -f, -5*n + 65 = -2*r. Let m = -10 - r. List the prime factors of m.
2, 5
Suppose 0 = -3*q - 4*b + 2409, 6*b - 3*b = 9. List the prime factors of q.
17, 47
Suppose -n - 128 = 5*a - 461, 2*n - 666 = -3*a. What are the prime factors of n?
3, 37
Suppose -19*f = -2*f - 3927. List the prime factors of f.
3, 7, 11
Suppose 0 = -3*j, -j + 80 = -2*r - 2*j. Let s be ((-111)/(-4))/((-15)/r). Suppose h - s = -2*c + 3*h, 4*c + h - 128 = 0. List the prime factors of c.
3, 11
Suppose -3*d = -4*a + 26, -4*d - 3 - 11 = 5*a. Let b(g) = g + 9. Let i be b(d). What are the prime factors of -4 - (-56)/(i - 1)?
2, 3
List the prime factors of -11 + 6776/49 + (-2)/7.
127
Suppose -4*p + 6 + 10 = 0. Suppose 3*d = -3*a - 27, 4*a = -p*d + d - 30. Let g = 18 - d. What are the prime factors of g?
2, 3
List the prime factors of (6 + (-58 - 10))*(-1)/2.
31
Let x(g) = 2*g**2 + 5*g + 6. Let m be x(-3). Let j = m + -4. Suppose 2*v + 105 = j*v. List the prime factors of v.
5, 7
Suppose 0 = -2*g + 6. Let z = -167 - -168. What are the prime factors of (27 + z)*(-2 + g)?
2, 7
Let r = 6094 - 4240. What are the prime factors of r?
2, 3, 103
Let p = 22 + -34. Let h be (5/2)/((-6)/p). Suppose 0 = -m + 5*t + 3, -4*t - h = -5*t. What are the prime factors of m?
2, 7
Suppose 3*c - c - 416 = 0. Suppose -3*p + c = 5*p. What are the prime factors of p?
2, 13
Let h(w) = -8*w - 6. Let q be h(-4). Let p = q - 20. What are the prime factors of p?
2, 3
Suppose 0 = 4*b - 5*y - 23, 2*y = -2*b - b. List the prime factors of b/(10/333) - 4/(-10).
67
Let n(r) = 5*r**3 - 2*r**2 - 3*r + 2. Let g(f) = 5*f - 3. Let d be g(1). What are the prime factors of n(d)?
2, 7
Suppose -3757 = -46*d + 33*d. What are the prime factors of d?
17
Let i(p) be the first derivative of p**3/3 + 9*p**2/2 + 16*p - 4. Let x be i(-7). Suppose 0*t - t - 40 = -3*n, x*t = 4. List the prime factors of n.
2, 7
Let u(d) be the third derivative of d**5/60 + d**4/24 + 3*d**3/2 - 12*d**2. List the prime factors of u(4).
29
Let w be (65 - 2)*1 + -3. Suppose -2*q = 2*q + w. Let d = q + 29. List the prime factors of d.
2, 7
Let p(r) be the second derivative of -r**3/6 + 9*r**2/2 - 26*r. What are the prime factors of p(3)?
2, 3
Let k be (-22)/99 + (-29)/(-9). Suppose -k*f + 4*f = 3. List the prime factors of f.
3
Let l be ((-1)/4)/((-15)/(-60)). What are the prime factors of (l - 26)*12/(-4)?
3
Let p(n) = n**2 - n - 1. Let b(k) = -4*k**2 - k + 5. Let s(r) = b(r) + 3*p(r). List the prime factors of s(-4).
2
List the prime factors of 33/(-4)*175/105*-4.
5, 11
Suppose -r + 2*g - 3*g = -469, 2*r = -g + 934. List the prime factors of r.
3, 5, 31
Let u = -71 - -75. Suppose -16*d + u*d + 60 = 0. List the prime factors of d.
5
Let y(n) = -2*n**3 - 7*n - 31*n**2 + n**3 + 9 + 43*n**2. What are the prime factors of y(10)?
139
What are the prime factors of 30/(-4)*-44 - -8?
2, 13
Suppose 0 = 2*m - 0*m - 10. Suppose m*r - 300 = 315. List the prime factors of r.
3, 41
Suppose p = 4*i - 31, -4*i - 3 + 37 = 2*p. Suppose -71 - 233 = -i*v. List the prime factors of v.
2, 19
Suppose 241 = o + 69. What are the prime factors of o?
2, 43
Let v(w) = w**3 - 2*w**2 - 5*w + 2. Let b be v(3). Let c(y) = 5*y**2 - 2*y - 5. Let p be c(b). Let g = p + -45. What are the prime factors of g?
2, 19
Suppose -52002 = -20*h - 12802. What are the prime factors of h?
2, 5, 7
Let x(f) = 3*f + 12. Suppose 39 - 11 = 4*j. List the prime factors of x(j).
3, 11
Suppose -6*p + 7*p - 6660 = -4*j, j + p = 1662. What are the prime factors of j?
2, 7, 17
What are the prime factors of (-16 - -18 - (-1383 + 0)) + -4?
1381
Suppose 15 = -5*u, -2*a + u - 279 + 1044 = 0. List the prime factors of a.
3, 127
Let t(n) = 4*n - 19. Let z be t(6). Suppose 5*p - 165 = -z*f, -2*p = 4*f - 13 - 115. List the prime factors of f.
31
Let g be (-6 - -211)/(0 + 2/2). Suppose 0 = 21*v - 16*v - g. List the prime factors of v.
41
Let g be 3 + (-8)/(-4) + (1 - 3). Suppose -2*z = -2*a - 162, a + 30 = g*z - 211. List the prime factors of z.
2, 5
Let x = 257 - 166. List the prime factors of x.
7, 13
Suppose 3*r - 12853 = s, 11*s = -r + 13*s + 4281. What are the prime factors of r?
5, 857
Suppose -t - 5*s = -270, -2*s = -3*t + 4*t - 276. Suppose 0 = -4*f + t + 28. List the prime factors of f.
7, 11
Let y = 1495 - 1126. What are the prime factors of y?
3, 41
Let y be (-2)/(1/6*-4). Let z = y + 0. Suppose 2*a - z*q - 51 = -0*a, -a - 2 = 4*q. What are the prime factors of a?
2, 3
Let b(s) = 3*s**3 - 18*s**2 + 28*s - 9. Let x(n) = -10*n**3 + 55*n**2 - 85*n + 26. Let y(a) = -7*b(a) - 2*x(a). List the prime factors of y(10).
3, 13
Let o(y) = 3 + 3 + y**3 + 9*y**2 - 2*y**2 + y. Suppose k = 3*b - 22 + 7, -4*k + b = 27. What are the prime factors of o(k)?
2, 3
Let n(p) = -8*p**3 + 26*p**2 - 47*p - 22. Let j(q) = 3*q**3 - 9*q**2 + 16*q + 7. Let t(x) = -11*j(x) - 4*n(x). List the prime factors of t(-8).
107
Let t be (9/2)/((-9)/(-48)). Suppose 3*n - t = -2*n + 2*u, -u = -n + 6. Suppose 0 = -5*c + 5*r + 169 + 41, n*c - 166 = 3*r. What are the prime factors of c?
2, 5
What are the prime factors of (7415/20)/((-22)/(-88))?
1483
Suppose 0 = -2*a - 20 - 8. What are the prime factors of ((-142)/(-4))/((-7)/a)?
71
Let i = -2096 + 2993. What are the prime factors of i?
3, 13, 23
Suppose 64*r + 8128 = 41216. List the prime factors of r.
11, 47
Suppose -13*o + 36 = -302. What are the prime factors of o?
2, 13
Let f(c) = c**3 - 10*c**2 + 13*c - 8. Suppose -104 = 6*g - 2. Let k(b) = -b - 8. Let v be k(g). What are the prime factors of f(v)?
2, 7
Suppose 99217 = 17*m - 10688. List the prime factors of m.
3, 5, 431
Let l(o) = 4*o**2 - 21*o - 31. List the prime factors of l(-11).
2, 3, 19
Let j be 9/6 + 3/6. Suppose -4*p = -u - 1008, -p + 250 = -4*u - j. List the prime factors of p.
2, 3, 7
Let w(x) = -745*x - 224. List the prime factors of w(-5).
3, 389
Suppose 529 = 9*o - 1937. Suppose 5*u = 4*v - 348 - 201, 0 = -2*v + 2*u + o. List the prime factors of v.
2, 17
Suppose -30*c = -21*c - 1503. What are the prime factors of c?
167
Let h(o) = -11*o - 17. Let n be ((-6)/(-9))/(6/(-81)). What are the prime factors of h(n)?
2, 41
Let o(a) = a**3 - 3*a + 2. Let c be o(2). Let b = 6 - c. Suppose u - 89 = -3*f, -b*u - 12 = -f + 6. What are the prime factors of f?
2, 7
Let k = 77 - 75. Let g = 42 + k. What are the prime factors of g?
2, 11
Suppose -191*m + 176*m + 48420 = 0. List the prime factors of m.
2, 3, 269
Let f be (-4 - 0)*(8 - 13). Suppose 5*t - 5 = f. Suppose -t*s + 3*a + 37 = 0, -22 = -3*s - 2*a + 4*a. What are the prime factors of s?
2
Suppose -2*j + 3996 = 4*p, 3*p - j = 1812 + 1175. What are the prime factors of p?
997
Let n(o) = 12*o**2 + 39*o - 9. List the prime factors of n(22).
3, 7, 317
Suppose -3*h + 376 = h. Let g = -4 + h. List the prime factors of g.
2, 3, 5
Suppose -c = 40 - 55. Suppose -c*d = -12*d - 381. List the prime factors of d.
127
Let y = -90 - -96. Suppose y*p - 22 = -4. List the prime factors of p.
3
Let l(h) be the second derivative of h**4 + h**3/6 + 3*h**2/2 - 11*h + 3. Let k = -5 - -3. List the prime factors of l(k).
7
Let v(j) = j**2 + 3*j - 12. Let r be v(-6). Suppose -4*l + l = -3*o + r, 5*o + 2*l - 38 = 0. What are the prime factors of (9/o)/(1/30)?
3, 5
Let n(s) = s + 6. Let r be n(-6). Suppose r = g + x + 4*x + 23, 0 = 3*x + 15. Let l = 6 + g. What are the prime factors of l?
2
Suppose o - 40 = -o. Suppose 6*j = 4*j + o. List the prime factors of (j - -2)/(6/16).
2
Let y = -2446 + 4082. What are the prime factors of y?
2, 409
Let w(h) = -10*h + 19. Let d be w(-11). Let g = d - 49. List the prime factors of g.
2, 5
What are the prime factors of (-18)/(-2)*(-408)/(-102)?
2, 3
Let t = 355 + -254. List the prime factors of t.
101
Suppose -6*u = -1134 - 114. What are the prime factors of u?
2, 13
Let m = 46 - -150. List the prime factors of m.
2, 7
Let y(a) = -4 + 2*a - 2 + 5 + 11. Let p be y(6). Suppose 3*u - 53 - p = 0. List the prime factors of u.
5
Let b(o) = 81*o - 38. What are the prime factors of b(12)?
2, 467
Let q = 6487 - 4566. What are the prime factors of q?
17, 113
Let t(r) = -3*r - 12. Let i be t(-5). What are the prime factors of (-1)/(i/567*-3)?
3, 7
Suppose -1 + 57 = 8*y. Suppose -5*f - s = -2*s - 372, 4*f - 5*s = 285. Sup